s -11233 (base 4) in base 6?
-1411
What is -10055 (base 7) in base 14?
-c65
Convert -4525 (base 6) to base 2.
-10000100101
-1321500 (base 6) to base 7
-422514
What is 1780 (base 14) in base 9?
5717
Convert -3459 (base 10) to base 11.
-2665
What is -667 (base 11) in base 8?
-1437
What is 1033 (base 11) in base 6?
10155
Convert -46eb (base 16) to base 7.
-103634
What is a0 (base 13) in base 7?
244
-333 (base 13) to base 6
-2313
-423 (base 6) to base 8
-237
-2121 (base 6) to base 15
-221
-527 (base 13) to base 3
-1012112
360 (base 10) to base 13
219
What is 1542 (base 9) in base 2?
10010010100
796 (base 11) to base 10
952
2823 (base 13) to base 15
1aa0
Convert -3210 (base 6) to base 3.
-222220
12210222 (base 3) to base 4
1002032
What is 5065 (base 15) in base 3?
212021112
Convert -2140 (base 11) to base 10.
-2827
What is 10121 (base 5) in base 8?
1225
What is 11010111110 (base 2) in base 7?
5014
What is 85c (base 15) in base 10?
1887
Convert -45022 (base 6) to base 8.
-14206
What is -9831 (base 10) in base 6?
-113303
What is -431 (base 5) in base 11?
-a6
Convert -14805 (base 10) to base 12.
-8699
Convert 2277 (base 12) to base 5.
110320
What is -1135 (base 11) in base 5?
-21430
What is -1011010100101 (base 2) in base 3?
-21221201
What is 5111 (base 6) in base 12?
797
Convert 37 (base 9) to base 3.
1021
Convert -89a (base 13) to base 15.
-689
-2723 (base 15) to base 13
-3a5c
Convert -3023 (base 6) to base 3.
-220120
-4455 (base 9) to base 15
-e95
Convert 110010111011 (base 2) to base 14.
128b
What is 1539 (base 16) in base 14?
1da1
Convert 133113 (base 7) to base 9.
37376
Convert 362 (base 14) to base 4.
22202
2077 (base 9) to base 12
a74
22 (base 7) to base 16
10
Convert -158a (base 15) to base 5.
-122010
22132 (base 5) to base 11
1182
What is 2da6 (base 14) in base 10?
8182
What is -1133 (base 14) in base 7?
-11463
5343 (base 7) to base 15
863
What is -6321 (base 9) in base 3?
-20100201
-11c33 (base 15) to base 4
-31312230
-14163 (base 10) to base 9
-21376
What is 10100021220 (base 3) in base 15?
14783
Convert -110324 (base 5) to base 3.
-12021012
Convert -2213111 (base 4) to base 5.
-320314
What is -1666 (base 8) in base 15?
-435
Convert 1785 (base 10) to base 14.
917
Convert -252 (base 15) to base 3.
-201112
Convert 342 (base 10) to base 12.
246
What is 9567 (base 11) in base 8?
30561
What is -101 (base 8) in base 7?
-122
What is 102 (base 13) in base 14?
c3
What is -12 (base 10) in base 14?
-c
What is 367 (base 14) in base 13?
403
What is 305 (base 8) in base 14?
101
Convert 25b (base 14) to base 9.
575
-233 (base 7) to base 15
-82
Convert -ad (base 14) to base 5.
-1103
-11110101111000 (base 2) to base 16
-3d78
-424 (base 5) to base 14
-82
What is 2231322 (base 4) in base 7?
44310
What is -1001211 (base 3) in base 10?
-778
Convert -24530 (base 9) to base 16.
-4056
What is -1352 (base 6) in base 12?
-258
4a11 (base 11) to base 12
3956
What is -21521 (base 10) in base 16?
-5411
What is -172 (base 15) in base 10?
-332
Convert 1c4 (base 15) to base 4.
12121
What is 1a68 (base 14) in base 9?
6518
100201002 (base 3) to base 16
1ba4
What is 28a5 (base 13) in base 9?
8054
-32b (base 12) to base 8
-723
Convert -301103 (base 5) to base 14.
-3688
Convert 14312 (base 6) to base 15.
a1b
Convert -1b5 (base 16) to base 11.
-368
What is 4227 (base 10) in base 5?
113402
What is 88 (base 13) in base 7?
220
ba (base 14) to base 16
a4
1018 (base 10) to base 6
4414
What is -433 (base 10) in base 11?
-364
Convert 114455 (base 6) to base 7.
41330
813 (base 15) to base 7
5205
6739 (base 14) to base 12
a427
What is -1067 (base 8) in base 6?
-2343
Convert 17163 (base 10) to base 13.
7a73
-18574 (base 13) to base 8
-133745
What is cb69 (base 13) in base 4?
12322112
What is 20316 (base 11) in base 8?
71736
What is -530 (base 10) in base 7?
-1355
What is 46570 (base 9) in base 3?
1120122100
111110111 (base 2) to base 3
200122
What is -3354 (base 8) in base 6?
-12112
1515 (base 7) to base 8
1130
Convert 2110 (base 7) to base 16.
2e6
Convert 1150 (base 9) to base 2.
1101010111
What is -7301 (base 15) in base 11?
-17292
-1287 (base 14) to base 13
-1635
-2021311 (base 4) to base 12
-5131
What is -258 (base 15) in base 16?
-215
3768 (base 10) to base 5
110033
-10001110001000 (base 2) to base 8
-21610
Convert 144650 (base 7) to base 12.
14328
Convert -78 (base 12) to base 14.
-68
53b (base 13) to base 14
47d
Convert 8442 (base 14) to base 8.
54412
Convert 1120211 (base 3) to base 2.
10010000100
What is -1221121 (base 3) in base 2?
-10110001100
-1937 (base 11) to base 2
-100110011100
4304 (base 5) to base 6
2403
What is 1612 (base 7) in base 16?
286
What is 3213 (base 5) in base 3?
121001
Convert -133 (base 6) to base 9.
-63
What is -73 (base 14) in base 9?
-122
7752 (base 8) to base 5
112244
What is -22198 (base 11) in base 13?
-1184a
What is -4968 (base 12) in base 7?
-33110
What is -23815 (base 9) in base 2?
-11111001100011
Convert 1101000101001 (base 2) to base 12.
3a61
What is 111000011 (base 2) in base 7?
1213
-229 (base 10) to base 5
-1404
What is 2031221 (base 4) in base 15?
2a45
291 (base 10) to base 4
10203
Convert 11220 (base 3) to base 2.
10000100
Convert -68a (base 12) to base 11.
-802
37a1 (base 11) to base 16
1357
Convert 38f (base 16) to base 2.
1110001111
Convert -19a51 (base 13) to base 9.
-75635
Convert -1bbc (base 14) to base 4.
-1033022
Convert 10010000100010 (base 2) to base 15.
2b1a
What is 3432 (base 5) in base 7?
1302
Convert 13c (base 14) to base 8.
372
What is 26f (base 16) in base 9?
762
What is -1303 (base 5) in base 2?
-11001011
What is 752 (base 12) in base 13?
644
-11201 (base 3) to base 10
-127
-1032 (base 15) to base 2
-110101011110
10404 (base 5) to base 13
441
What is -fb (base 16) in base 15?
-11b
What is -889 (base 12) in base 3?
-1201120
-463 (base 8) to base 13
-1a8
Convert 8186 (base 14) to base 3.
1010112200
101001011101 (base 2) to base 15
bbd
Convert 386 (base 16) to base 3.
1020102
What is -270a (base 13) in base 11?
-421a
What is -1619 (base 14) in base 9?
-5361
What is -67b (base 13) in base 10?
-1116
What is -66 (base 10) in base 7?
-123
-353300 (base 6) to base 2
-111011101100100
Convert 3434 (base 5) to base 15.
22e
Convert -203 (base 15) to base 9.
-553
What is -858 (base 14) in base 10?
-1646
Convert -11018 (base 10) to base 15.
-33e8
30 (base 11) to base 8
41
-706 (base 10) to base 11
-592
24551 (base 6) to base 13
1891
Convert -23133 (base 6) to base 4.
-303201
Convert 13023 (base 4) to base 11.
388
Convert 5116 (base 14) to base 6.
144304
-21022 (base 3) to base 10
-197
Convert 40121 (base 5) to base 16.
9e8
-15580 (base 13) to base 8
-117057
Convert -12c3 (base 14) to base 15.
-ea7
-110222 (base 4) to base 11
-aa2
Convert 252 (base 12) to base 7.
1010
791 (base 10) to base 7
2210
What is -243 (base 9) in base 10?
-201
What is 131053 (base 6) in base 3?
121100020
1001110111001010 (base 2) to base 8
116712
What is -124656 (base 7) in base 12?
-115b0
What is 10210 (base 4) in base 11?
246
What is -202320 (base 4) in base 7?
-6336
12571 (base 9) to base 6
103144
What is -33 (base 5) in base 8?
-22
3ad (base 15) to base 4
31012
112221 (base 4) to base 14
757
Convert -142106 (base 7) to base 13.
-c488
Convert 1033 (base 6) to base 13.
153
Convert a4a (base 13) to base 11.
1353
110221 (base 3) to base 4
11131
Convert 5b2 (base 15) to base 8.
2414
What is -16713 (base 11) in base 16?
-5bc0
What is 408 (base 15) in base 5?
12113
110200 (base 5) to base 15
11d5
Convert -11200 (base 13) to base 3.
-1120122201
Convert -2906 (base 10) to base 8.
-5532
Convert -1222102210 (base 3) to base 16.
-982b
What is -a186 (base 13) in base 9?
-33461
-35434 (base 6) to base 8
-12016
10010200 (base 3) to base 14
b94
-23c (base 13) to base 2
-110000101
Convert -45596 (base 10) to base 2.
-1011001000011100
Convert -12001202 (base 3) to base 5.
-104232
101222121 (base 3) to base 15
258d
Convert 20133 (base 4) to base 9.
663
5676 (base 12) to base 11
7232
What is -10111102121 (base 3) in base 2?
-10000110011100111
-473 (base 10) to base 15
-218
1563 (base 11) to base 3
2202021
6148 (base 9) to base 3
20011122
Convert 2055 (base 11) to base 7.
10636
430 (base 14) to base 10
826
Convert -1483 (base 9) to base 10.
-1128
Convert 8874 (base 11) to base